. List the prime factors of q(b).
7
Suppose 2*c + 2*c = 8. Suppose -c*y + 39 = y. List the prime factors of y.
13
Let w = -34 - -38. What are the prime factors of w?
2
Let l(a) = 3*a**2 - 18*a - 4. List the prime factors of l(8).
2, 11
Let s(q) = 2*q - 1. Let v = 0 - -16. Suppose -3*t - t + v = 0. What are the prime factors of s(t)?
7
Let m = 5 - 12. Let a(w) = -3*w + 2. What are the prime factors of a(m)?
23
Let d = 33 + 15. Let m = d + -23. What are the prime factors of m?
5
Let h be 155/(-25) - 1/(-5). Let f = h - -16. What are the prime factors of f?
2, 5
Let o(i) = i + 7. Let y be o(-8). What are the prime factors of (y + 21)*4/10?
2
Suppose -5*f - 2*g + 47 + 24 = 0, 2*g = -4*f + 56. Suppose 0 = -c - 4*c + 20. Suppose 0 = c*i - i + 3*n - f, 4*n = 4*i - 4. List the prime factors of i.
3
Suppose q - 44 = -16. List the prime factors of q.
2, 7
Let t(o) = 12*o - 1. Let l be t(1). Let g(v) be the first derivative of -v**2/2 + 14*v + 2. List the prime factors of g(l).
3
Suppose 2*a - 3*a = -36. List the prime factors of a.
2, 3
Let j = 11 + -9. Suppose 4 = j*f - 4. What are the prime factors of f?
2
Let m = 47 - 77. What are the prime factors of (-8)/(-10)*m/(-4)?
2, 3
Suppose 2*w = i + 4, -6 = -3*i + 6*i - 3*w. Suppose -6 = -3*n - i. Suppose -6 = -n*h + m, h + 2*h - 5*m = 2. What are the prime factors of h?
2
Suppose 172 = 2*x + 2*i - 0*i, 3*i - 12 = 0. List the prime factors of x.
2, 41
Let i = 440 + -307. What are the prime factors of i?
7, 19
Let p be (396/(-27))/(2/(-3)). Suppose p = 2*c - 26. List the prime factors of c.
2, 3
Let d be (-1)/(-1) + -3 - -17. Suppose -7*x + 34 = 2*i - 3*x, -5*i + d = -4*x. Let b = i + -3. List the prime factors of b.
2
Let b be 5/20 - (-15)/4. Suppose -381 = -2*m + i - 0*i, b*m - 5*i - 753 = 0. What are the prime factors of (2/(-4))/((-8)/m)?
2, 3
Let i = 170 + -73. List the prime factors of i.
97
Let t be 2/(-3) - (-40)/(-12). Let s(v) = -5*v - 1. What are the prime factors of s(t)?
19
Let j(v) = -v**3 - 9*v**2 - 8*v + 4. Let l be j(-8). Suppose -l*f - 10 = -2*k, -9 = -0*k - 3*k + 3*f. Suppose 7 + k = r. List the prime factors of r.
2
Let t(q) = -7*q - 25. List the prime factors of t(-7).
2, 3
Let i be 8/5 - 8/(-20). Let s = i - -4. What are the prime factors of s?
2, 3
Let f = -95 + 160. Suppose 2*w - f = -7. List the prime factors of w.
29
Let h(b) = b**3 - 11*b**2 - 10*b + 20. List the prime factors of h(12).
2, 11
Let z(d) = -42*d - 1. What are the prime factors of z(-1)?
41
Let n(x) = 3*x**2 - 15*x + 5. Let w be n(10). Suppose -j - w = -6*j. What are the prime factors of j?
31
Suppose 3*u - 2*u + 20 = 5*s, 0 = -3*u + 4*s - 5. Suppose 85 = u*a - 10. What are the prime factors of a?
19
Let p = -844 + 1268. What are the prime factors of p?
2, 53
Let b be 2 + -3 + 2 + 1. Let s = 62 - 38. Suppose -2*i = b - s. What are the prime factors of i?
11
Let d(q) = -29*q. Suppose -2*r + 1 = -3*r. What are the prime factors of d(r)?
29
Let p be 2*-3*(-14)/12. Let u(b) be the second derivative of b**5/20 - 7*b**4/12 + b**3/2 - 5*b**2 + 3*b. List the prime factors of u(p).
11
Let m(z) = z**3 + 5*z**2 - 6*z - 7. Let o be m(-6). Suppose -d - 17 + 1 = 0. Let p = o - d. List the prime factors of p.
3
Suppose 0 = -11*l + 8*l + 864. List the prime factors of l.
2, 3
Suppose 0 = -3*x - 0*x + 96. What are the prime factors of x?
2
Suppose 4*y - 140 = -0*y. Suppose 2*n - 28 = 2*c + 12, -n + 4*c = -y. List the prime factors of 81/n - (-4)/(-10).
5
Suppose -7*o + 12*o = 310. Suppose t + o = 4*r, r - t - 30 = -r. What are the prime factors of r?
2
Suppose a - 3*i + 8 = -0*i, 5*a = -3*i + 32. Suppose -b + 10 = 5*x - 6*b, -a*x - 5*b = 10. What are the prime factors of (-1 + x)*1 - -11?
2, 5
Let o(b) = -b**3 + b**2 + b + 5. Let y be (-1)/1*-1*3. Let d(m) = m**3 - 3*m**2 - m + 3. Let z be d(y). List the prime factors of o(z).
5
Let t = -23 + 45. List the prime factors of t.
2, 11
Let d(j) = j**2 + 6*j + 3. Let n be d(-3). Let z(i) = -i. Let f be z(n). Suppose 2*o - f*o = -2*u - 48, 0 = o - u - 13. List the prime factors of o.
11
Let c(i) = -3*i**3 + i. Let x be c(-1). Let v = x - 1. Let w = v - -3. What are the prime factors of w?
2
Let s(f) = -f**3 + 5*f**2 - 5*f + 2. Let b = 4 + -1. Let w be s(b). Suppose 2*a - a - 3*n - 9 = 0, w*a = 4*n + 56. What are the prime factors of a?
2, 3
What are the prime factors of 201/(-12)*(1 + -5)?
67
List the prime factors of ((-48)/40)/(2/(-60)).
2, 3
Let c be (-2)/5 + (-85)/(-25). Suppose 5*m + 2*d = 31, 4*d + 2 = c*m - 1. List the prime factors of m.
5
What are the prime factors of ((-3)/6)/(1/(-136))?
2, 17
Suppose 3*q = 4*q - 93. List the prime factors of q.
3, 31
Let m(w) = 25*w - 20. List the prime factors of m(6).
2, 5, 13
Let x(d) = -4*d**3 + 2*d**2 + 3*d. What are the prime factors of x(-2)?
2, 17
Let n(a) = -a**3 - 6*a**2 + 3. Let h be n(-6). List the prime factors of 30 - (h + (-18)/3).
3, 11
Let b = -17 - -20. Suppose -b*x + 4 = -104. List the prime factors of x.
2, 3
Let x(l) = l + 45. Suppose o = 5*o. Let t be x(o). Suppose -3*w - 16 + t = -y, -5*w = 5*y - 35. What are the prime factors of w?
3
Let z = -10 + 12. Let v(x) = x**3 + x. Let b be v(0). Suppose -3*g - 8 = -7*g - 5*o, b = -g + 5*o + z. List the prime factors of g.
2
Let s = -2 - 0. Let j = s - -33. Suppose 0 = a - v - 11, -3*a + a + 5*v = -j. List the prime factors of a.
2
List the prime factors of (6 - 3) + -3 + 3 + 192.
3, 5, 13
Let i(c) = -4*c + 7. Let l be i(6). Let j = -5 - l. List the prime factors of j.
2, 3
Suppose 435 = -10*o + 15*o. List the prime factors of o.
3, 29
Suppose 4*z + 5 = -2*s + 29, 4*z = 5*s - 60. Suppose 3*y + 3 = s. Suppose 2*x + 10 = 4*m, 25 = m + x + y*x. What are the prime factors of m?
5
Suppose -21*o = -10*o - 1980. List the prime factors of o.
2, 3, 5
Let q(k) = k**2 - 10*k - 8. Let u be q(11). Suppose 2*h + 14 = u*a - 35, -2*a + 20 = 5*h. List the prime factors of a.
3, 5
Let i(v) = 6*v**2 - 4*v - 5. Let m be i(4). Let p = m - 50. What are the prime factors of p?
5
Let i(p) be the first derivative of 5*p**3/3 + p**2 + p + 3. Let j be i(-1). Let f = j + -1. List the prime factors of f.
3
Suppose 0 = -2*h + 2 + 2. Suppose 4*a = -4*r + 40, -34 = h*a - 5*a - 2*r. Suppose m - a = -0*m. What are the prime factors of m?
2, 7
Let k be (-3)/(-2)*4/3. Suppose -k*v + 30 = v. Suppose -5*h + 3*l + 2 = 7, 4*l - v = 5*h. What are the prime factors of h?
2
Suppose 0 = 4*t - 5*y - 45, 0*y - 69 = -4*t - 3*y. Suppose -17 = -2*u + t. What are the prime factors of u?
2
Let i be 2/4 + (-18)/(-4). Suppose b + 0*j = -j + 4, -i*b = j - 40. What are the prime factors of b?
3
Let k = -9 + 11. List the prime factors of k.
2
Suppose 35*w = 33*w + 190. What are the prime factors of w?
5, 19
Let j = 61 - 31. What are the prime factors of j?
2, 3, 5
Suppose 0 = j - v - 24, -2*j + v + 28 = 3*v. List the prime factors of j.
19
Let w(u) = -u**2 + 13*u - 6. Let h be w(11). Let v = -12 + 17. Suppose -4*x + 2*a + h = 0, -4*x + v*x + 2*a = 4. List the prime factors of x.
2
Let k(m) = -5*m**3 - 3*m**2 - m - 2. Let g be k(-2). Suppose -i - g = 3*i. What are the prime factors of (5 + i)*(-9)/2?
3
Suppose 4*m - y - 1240 = 0, 5*y - 1041 = -3*m - 88. What are the prime factors of m?
311
Suppose 72 = h + 2*h. Let t = -1 + h. What are the prime factors of t?
23
Let p = 4 - 8. What are the prime factors of (40/16)/((-2)/p)?
5
Let z(y) = y**2 - 10*y + 9. Let r be z(10). Suppose -h - h + r = w, 9 = w - h. What are the prime factors of w?
3
Suppose z = 4*q - 11, -4*q - 3*z = -14 - 1. Suppose 0*u = q*u - l - 129, 0 = 4*u - l - 172. What are the prime factors of u?
43
Let r be 6 + (0 - (-3)/(-3)). Suppose -3*c - 7 = -s, -r*s + 4*s + 4*c = -8. Suppose -3*b = s*g + 2, 3*g = 3*b + 2*g - 23. What are the prime factors of b?
2, 3
Let p(u) = 21*u - 4. Let v(t) = -2*t. Let m(w) = 2*p(w) + 22*v(w). Let i be m(-7). List the prime factors of ((-3)/i)/(2/(-44)).
11
Suppose 0*v = -3*v - 15. Let n(b) = 2*b**2 - 2*b - b**2 - 4 + 2*b + 2*b. What are the prime factors of n(v)?
11
Let r = 17 + 18. What are the prime factors of r?
5, 7
Let z be (-34)/6 + 4/6. Let a = -3 - z. Suppose 3*n = 3*f - a*n + 19, 25 = 5*f + 3*n. What are the prime factors of f?
2
Let l be (4 - (-3 - 0)) + -2. Suppose -2*h + h + l*p = -30, -4*h = -3*p - 35. What are the prime factors 